o) = -2*o + 8. Let q be l(6). What is the tens digit of 1/q*-6 + 1043/14?
7
What is the tens digit of 11 - (-2871 + 6 + -2)?
7
Let r(k) = 39*k + 60. What is the units digit of r(15)?
5
Suppose 1750 = 2*j - 3*d, 4*j - 1990 = -2*d + 1478. Suppose 9*p + 2*p - j = 0. What is the tens digit of p?
7
Suppose -u + 13*u = 3396. What is the units digit of u?
3
Let z be (352/20)/(4/(-30)). Let f = z + 64. Let g = f + 116. What is the units digit of g?
8
Let y be 15/2*52/65. Suppose 0 = -4*n + y*n - 120. What is the units digit of n?
0
Suppose -2*u - 3*u + 20 = 0. Suppose -u*v = v - 15. Suppose -2*s - 2*o - 21 = -v*s, 2*o = 2. What is the units digit of s?
3
Suppose -u + 20 = 4*u. Suppose -o + u + 0 = 0. Suppose -f + 4*z + 34 = o*f, -5*z = 5. What is the units digit of f?
6
Suppose 0 = -4*y - 2*j + 796, 2*y = 6*y - 3*j - 816. Suppose 8*q = -y + 569. What is the tens digit of q?
4
Suppose -3560 = -18*s + 7510. What is the units digit of s?
5
Suppose -42 = -5*w - 22. Suppose -5*x + 0*y = 3*y + 360, -2*x + w*y - 118 = 0. Let v = x - -120. What is the units digit of v?
1
Suppose 1019 = 4*v + 2*c + 3*c, 0 = -5*v - c + 1300. Suppose -4*t = 4*o + t - 265, -t + v = 4*o. What is the units digit of o?
5
Suppose -2*d + 8 = -d - i, -2*d - i = -7. Suppose -5*h - 488 = -d*n - 188, 180 = 3*n - h. Let s = n - 40. What is the units digit of s?
0
Suppose 5*u = 2*t + 17, -2*t - 32 = 3*t - 2*u. Let o be (-1)/2 - 225/t. What is the units digit of (o/(-3))/(6/(-18))?
7
Suppose 2976 = 4*h + 2*n, 16 = -5*n - 4. What is the hundreds digit of h?
7
Let c = 326 + -97. Suppose 5*r = -f - 0*f + c, 0 = f + 1. What is the tens digit of r?
4
What is the units digit of (4/10)/(6/(-10))*-54?
6
Let j = 3978 + 525. What is the units digit of (-2)/(8/(-3)) - j/(-76)?
0
Suppose r - 3 = 0, 0 = 3*q - r - 15. Suppose 0*n - 4*s - 16 = -2*n, 3*n + 4*s + q = 0. Suppose -3*f = f + 2*t + n, -f + 3*t = -10. What is the units digit of f?
1
Let p(u) = -3*u - 10. Let m be p(-5). Let h(q) = q - 1. Let i be h(m). What is the tens digit of (-2)/i - 148/(-8)?
1
Let j(v) = -34*v - 39. Let c = 49 + -59. What is the units digit of j(c)?
1
Suppose -2*r + 1220 - 280 = 0. What is the hundreds digit of r?
4
Suppose -32 = -3*t + t. Let a = t + -16. Suppose -3*i - 2*h + 27 = 0, -2*i + a*h + 29 = 5*h. What is the units digit of i?
7
What is the tens digit of (-245 - -242) + 3686/1?
8
Let r = -313 + 662. What is the hundreds digit of r?
3
Let o(j) = j**2 - 4*j + 4. Suppose -4 = -2*a + 4. Let f be o(a). Let v(b) = 4*b**2 - 4*b - 4. What is the units digit of v(f)?
4
Let k be 9 + (0 + -5)*1. Suppose 3*j = 3*a - 44 - 175, 316 = 4*a + k*j. What is the units digit of a?
6
Let j be (125/20 - 4)*24. Let k = -28 + j. What is the units digit of k + (-8)/(0 - 4)?
8
Suppose -d - 4 = 5*w, -2*w - 34 = 3*d - 8*d. What is the tens digit of (-7 + 4)/(d/(-184))?
9
Let j(f) = -f**3 - 3*f**2 - 2*f + 1. Let v be j(-4). Suppose 88 = 3*h + v. Let q = h + -10. What is the tens digit of q?
1
Let y be (-11 - 13)/(2/3). Let k be 2/3 + (-618)/9. Let s = y - k. What is the tens digit of s?
3
Suppose -3*l + 6*c - 4*c + 1013 = 0, -2*l + 4*c = -686. Let r = l - 213. What is the hundreds digit of r?
1
Suppose i + 407 = 2*i. Suppose 9*m - 5*m - 3*b = 533, i = 3*m + 5*b. What is the units digit of m?
4
Let x(n) be the third derivative of 0*n - 1/12*n**4 + 11*n**2 + 1/20*n**5 + 0 + 13/6*n**3. What is the units digit of x(5)?
8
Let l = -113 - -325. What is the hundreds digit of l?
2
Let s = 509 + 151. What is the units digit of s?
0
Let t be (-3858)/(-21) - 6/(-21). Let u = t - 92. Suppose 0 = 3*q + m - u, 0*q + 2*m - 122 = -4*q. What is the units digit of q?
1
Let k(l) = -l**2 + 2*l - 1. Let w be k(1). Suppose 5*v - 4*i + 9 = w, i + 0*i = 2*v + 6. Let t(a) = -a**2 - 9*a. What is the units digit of t(v)?
0
Suppose -2629 = -5*o + 3*z, 0 = -3*o + 2*z - 0*z + 1578. What is the units digit of o?
4
Let r be ((-4)/(-10))/((-3)/(-60)). Suppose -5*f = -9*f + r. What is the tens digit of 12 - (f + 2 + -7)?
1
Suppose 3*f + 3*j = 9, -2*f - 2*j = j - 6. Suppose -3*s + 3*x = -402, x = -5*s - f*x + 697. What is the units digit of s?
7
Let w = 4482 + -1266. What is the tens digit of w?
1
Let r = -171 + 1469. What is the units digit of r?
8
Let n(p) = 2*p**3 - 4*p**2 + 2*p + 21. What is the tens digit of n(5)?
8
Let y = -7 - -11. Let t be 2/y - 3/2. Let f(s) = -37*s**3. What is the tens digit of f(t)?
3
Let i(r) = 46*r - 26. Let g be i(6). Let v = -150 + g. What is the units digit of v?
0
What is the hundreds digit of 138/(-2277) + 58810/66?
8
Suppose 14*u + 213 = 1655. What is the tens digit of u?
0
Let i(k) = -15*k**2 - 4*k**2 - k**3 - 18 - 3*k + 3*k**2 - k**2. What is the units digit of i(-17)?
3
Let j(t) = -32*t**2 + t**3 + 14*t**2 + 14*t**2 + 9*t**2 - 11. What is the hundreds digit of j(4)?
1
Suppose -j = -2 - 3. Suppose -q = -5 - j. Suppose -x = -q - 10. What is the tens digit of x?
2
Let m be ((-2)/(-4))/(2/96). Suppose 2*c + 9 = 15. Suppose h - 106 = -3*h - c*x, h + 2*x - m = 0. What is the tens digit of h?
2
Suppose 0 = 5*z + 5*o, -6*z = -2*z + o - 9. Suppose -3*h = -l - 47, z*h + l = -l + 32. What is the units digit of h?
4
Let x = 912 - 232. What is the tens digit of x?
8
Let d = -51 + 55. Suppose d*b + 4*v - 740 = 0, b - 186 = -3*v + v. What is the tens digit of b?
8
Let i be -42*12/(-8) - (3 - 3). Let t = 0 + 7. What is the units digit of ((-1)/(-3))/(t/i)?
3
Suppose 5*u - 3*u - 14 = 0. Suppose 0 = -6*l + u*l - 66. What is the units digit of l?
6
Let g(d) be the first derivative of 2*d**3/3 - 4*d**2 + d + 11. What is the units digit of g(10)?
1
Let o(d) be the first derivative of 2*d**3 + 3*d**2/2 - 9*d + 21. What is the tens digit of o(5)?
5
Let g(j) = -j**3 + 7*j**2 + j - 2. Let q = -10 + 15. What is the units digit of g(q)?
3
Let a = 593 + -139. What is the units digit of a?
4
Let p be ((-3)/5)/(4*3/(-60)). What is the tens digit of 113 - (p + -3)/(-3)?
1
Let x(o) = -3*o + 8 + 4*o + 7. Let f(h) = 2*h + 22. Let r(j) = 5*f(j) - 8*x(j). What is the units digit of r(12)?
4
Let b(v) = 4*v**3 - 3*v**2 - 2*v + 18. What is the units digit of b(3)?
3
Let a(k) = -k + 33. Let u be a(15). Let w(d) = -d**2 + 25*d + 1. What is the tens digit of w(u)?
2
Let o be -1*(1 + -1)/1. Suppose -4*v = o, -b + v + 39 = -0*v. Suppose -3*h + b = 2*f, 0 = 2*f - 6*f - 2*h + 66. What is the tens digit of f?
1
Suppose 3*o + 0*o = 0. Let d be (o - (-6)/(-4))*-6. Suppose -2*j = -53 + d. What is the tens digit of j?
2
Let u = -110 - -129. What is the tens digit of u?
1
Let g(d) = d + 1. Let c be g(2). Suppose -220 = -4*y + 2*f, -2*y = y + c*f - 183. What is the tens digit of y?
5
Let t be 2/4*(-2 + 8). Suppose -11 = 2*o - 6*o - t*r, 7 = 5*o - 3*r. Let c = o - -6. What is the units digit of c?
8
Let t(f) = -3*f + 6. Let z be t(-3). Let r(g) = -g**2 + 5. Let s be r(0). Suppose -2*o + 48 = a - 5*a, z = s*a. What is the tens digit of o?
3
Suppose -3*a + 2*y = -4187, -3*y = 4*a - 4*y - 5576. What is the units digit of a?
3
Let y(w) = -3*w**2 - 13*w - 36. Let s be y(-9). Let z = s - -230. What is the units digit of z?
8
What is the units digit of ((-136)/(-16))/(-17)*-1756?
8
Let h(c) = -197*c**3 - 13*c**2 - 38*c + 2. What is the units digit of h(-3)?
8
Suppose -3*a - 2*a + 2 = -i, -5*a = 2*i - 11. Let w = i - -46. What is the units digit of w?
9
Let p(w) = -w**2 + 15*w + 37. Let j be p(20). Suppose 6*t - 4*t - 208 = 0. Let q = t + j. What is the tens digit of q?
4
Suppose -4*s - i + 5*i = -16, 0 = -4*s + 5*i + 13. Let b = s - 11. What is the tens digit of 2200/99 - b/(-18)?
2
Let g(u) = u + 8. Let w be g(-4). Let b(c) = -9 + 2*c - 2*c + 3*c + 3*c**2 + 5. What is the units digit of b(w)?
6
Let x = -9 + 14. Suppose 3*j - 3*i - 52 = 551, 4*j - 804 = x*i. What is the units digit of j?
1
Let i be (-6)/(3 + 9/(-2)). Suppose -t = -i*s - 130, 0*s = -4*t - 3*s + 520. What is the hundreds digit of t?
1
Suppose 15*h - 24*h + 47637 = 0. What is the thousands digit of h?
5
Suppose -g = 2*g - 48. Suppose 14*t + 148 = g*t. What is the tens digit of t?
7
Let v(z) = -z. Let n(y) = 5*y. Let u(q) = n(q) - 2*v(q). What is the units digit of u(1)?
7
Suppose 0 = 5*z + u - 2925, 2*z - 1170 = -3*u - u. Suppose 117 = l - 3*i, z = 5*l - i - 0*i. What is the units digit of l?
7
Let f = -22 + 7. Let t = -9 - f. What 